{"id":7,"date":"2016-07-11T08:31:05","date_gmt":"2016-07-11T08:31:05","guid":{"rendered":"http:\/\/blume.com.pl\/?page_id=7"},"modified":"2016-07-27T10:37:42","modified_gmt":"2016-07-27T10:37:42","slug":"kim-jestesmy","status":"publish","type":"page","link":"https:\/\/blume.com.pl\/","title":{"rendered":"Kim jeste\u015bmy"},"content":{"rendered":"<p style=\"text-align: justify;\">Osoby tworz\u0105ce zesp\u00f3\u0142 Blume Solutions s\u0105 do\u015bwiadczonymi in\u017cynierami z zakresu budowy i eksploatacji sieci, system\u00f3w serwerowych, wirtualizacji oraz telekomunikacji.<br \/>\nZe wzgl\u0119du na zaanga\u017cowanie, kt\u00f3re \u0142\u0105czy wszystkie te osoby, reprezentujemy w ka\u017cdym przypadku indywidualne podej\u015bcie do ka\u017cdego problemu i wyzwania. W naszych szeregach znajduje si\u0119 specjalista posiadaj\u0105cy najwy\u017cszy tytu\u0142 in\u017cyniera Cisco CCIE Collaboration.<br \/>\nKompetencje Blume Solutions daj\u0105 gwarancje pomy\u015blnego rozwi\u0105zania ka\u017cdego, nawet najbardziej z\u0142o\u017conego wyzwania.<\/p>\n","protected":false},"excerpt":{"rendered":"<p>Osoby tworz\u0105ce zesp\u00f3\u0142 Blume Solutions s\u0105 do\u015bwiadczonymi in\u017cynierami z zakresu budowy i eksploatacji sieci, system\u00f3w serwerowych, wirtualizacji oraz telekomunikacji. Ze wzgl\u0119du na zaanga\u017cowanie, kt\u00f3re \u0142\u0105czy wszystkie te osoby, reprezentujemy w ka\u017cdym przypadku indywidualne podej\u015bcie do ka\u017cdego problemu i wyzwania. W &hellip; <a href=\"https:\/\/blume.com.pl\/\">Czytaj dalej <span class=\"meta-nav\">&rarr;<\/span><\/a><\/p>\n","protected":false},"author":1,"featured_media":0,"parent":0,"menu_order":0,"comment_status":"closed","ping_status":"closed","template":"","meta":{"footnotes":""},"class_list":["post-7","page","type-page","status-publish","hentry"],"_links":{"self":[{"href":"https:\/\/blume.com.pl\/index.php?rest_route=\/wp\/v2\/pages\/7","targetHints":{"allow":["GET"]}}],"collection":[{"href":"https:\/\/blume.com.pl\/index.php?rest_route=\/wp\/v2\/pages"}],"about":[{"href":"https:\/\/blume.com.pl\/index.php?rest_route=\/wp\/v2\/types\/page"}],"author":[{"embeddable":true,"href":"https:\/\/blume.com.pl\/index.php?rest_route=\/wp\/v2\/users\/1"}],"replies":[{"embeddable":true,"href":"https:\/\/blume.com.pl\/index.php?rest_route=%2Fwp%2Fv2%2Fcomments&post=7"}],"version-history":[{"count":3,"href":"https:\/\/blume.com.pl\/index.php?rest_route=\/wp\/v2\/pages\/7\/revisions"}],"predecessor-version":[{"id":59,"href":"https:\/\/blume.com.pl\/index.php?rest_route=\/wp\/v2\/pages\/7\/revisions\/59"}],"wp:attachment":[{"href":"https:\/\/blume.com.pl\/index.php?rest_route=%2Fwp%2Fv2%2Fmedia&parent=7"}],"curies":[{"name":"wp","href":"https:\/\/api.w.org\/{rel}","templated":true}]}}